divisor of 240 and 36?
12
Calculate the highest common divisor of 6120 and 216.
72
What is the highest common divisor of 392193 and 18?
9
Calculate the greatest common divisor of 274555 and 215.
215
Calculate the greatest common divisor of 2045 and 1221274.
409
Calculate the greatest common divisor of 10500 and 2016.
84
What is the highest common divisor of 252 and 238?
14
What is the greatest common divisor of 385227 and 759?
69
What is the highest common factor of 28512 and 6688?
352
What is the greatest common divisor of 90 and 272025?
45
Calculate the greatest common divisor of 84900 and 900.
300
What is the greatest common factor of 58 and 1390927?
29
What is the greatest common divisor of 838 and 13?
1
What is the highest common factor of 164 and 7916444?
164
What is the greatest common divisor of 33435 and 1125?
45
Calculate the highest common divisor of 555656 and 16.
8
What is the greatest common divisor of 270 and 3622140?
90
Calculate the highest common factor of 810 and 187515.
405
What is the highest common divisor of 17 and 3855413?
17
Calculate the greatest common divisor of 544712 and 4384.
1096
What is the highest common factor of 42 and 149828?
14
What is the greatest common divisor of 189 and 15?
3
Calculate the highest common divisor of 39221 and 1456.
91
What is the highest common factor of 539 and 2401?
49
Calculate the greatest common factor of 8692 and 5412.
164
What is the highest common divisor of 1254 and 1092?
6
Calculate the greatest common factor of 4880759 and 26.
13
Calculate the greatest common divisor of 1640 and 111560.
40
Calculate the highest common divisor of 4304 and 1328.
16
What is the greatest common divisor of 15574 and 20462?
26
Calculate the greatest common factor of 20859 and 26316.
51
Calculate the highest common factor of 276388 and 588.
28
What is the highest common factor of 365700 and 265?
265
What is the highest common factor of 130 and 3484?
26
What is the greatest common divisor of 920 and 302105?
115
What is the greatest common factor of 211245 and 25?
5
What is the greatest common factor of 52789 and 22?
11
What is the greatest common divisor of 881655 and 318?
159
Calculate the highest common factor of 56112 and 1442.
14
Calculate the highest common factor of 1820625 and 13125.
1875
Calculate the highest common factor of 1710 and 61940.
190
Calculate the greatest common factor of 7073 and 649.
11
What is the highest common divisor of 418140 and 115?
115
Calculate the greatest common factor of 133914 and 110.
22
What is the greatest common divisor of 912 and 45120?
48
What is the highest common factor of 52 and 156988?
52
Calculate the highest common factor of 6 and 942306.
6
What is the highest common divisor of 12995 and 118650?
565
What is the greatest common divisor of 266954 and 254?
254
What is the greatest common factor of 242 and 24684?
242
What is the highest common divisor of 1473816 and 312?
24
What is the greatest common factor of 571196 and 8?
4
What is the greatest common factor of 686862 and 54?
18
Calculate the greatest common divisor of 555 and 345.
15
Calculate the highest common factor of 51441 and 39.
39
What is the highest common factor of 174493 and 22?
11
Calculate the greatest common divisor of 242 and 3322.
22
Calculate the greatest common divisor of 4800 and 32100.
300
Calculate the greatest common factor of 39 and 15665.
13
Calculate the highest common factor of 14860 and 1900.
20
Calculate the greatest common factor of 120 and 5145.
15
What is the highest common factor of 21609 and 108?
9
What is the greatest common factor of 1604976 and 957?
87
What is the greatest common factor of 38465 and 1256?
157
Calculate the greatest common divisor of 1992 and 50547.
249
What is the highest common divisor of 78650 and 1250?
50
Calculate the greatest common divisor of 2275 and 4900.
175
Calculate the greatest common factor of 178 and 899078.
178
Calculate the highest common factor of 26224 and 880.
176
What is the highest common factor of 9266 and 218?
2
What is the highest common factor of 1369960 and 50?
10
Calculate the highest common factor of 37512 and 18.
18
Calculate the highest common factor of 33645 and 15.
15
Calculate the highest common factor of 7397 and 845.
13
Calculate the highest common divisor of 32 and 27280.
16
Calculate the greatest common divisor of 565 and 47912.
113
What is the greatest common divisor of 28075 and 350?
25
What is the highest common factor of 134 and 531511?
67
Calculate the highest common divisor of 77 and 11209.
11
Calculate the greatest common divisor of 22 and 6379582.
22
What is the highest common factor of 37830 and 455?
65
What is the greatest common factor of 200 and 1528700?
100
What is the greatest common factor of 15856911 and 21?
21
What is the highest common factor of 36481 and 89961?
191
Calculate the highest common factor of 19185 and 60.
15
Calculate the greatest common divisor of 772190 and 20.
10
What is the highest common divisor of 416 and 417872?
208
What is the highest common divisor of 244270 and 65?
65
What is the highest common factor of 60255 and 312?
39
Calculate the highest common factor of 92906 and 7416.
206
Calculate the greatest common factor of 2100 and 126300.
300
What is the greatest common divisor of 903845 and 1435?
205
What is the greatest common divisor of 6429 and 4251712?
2143
Calculate the greatest common divisor of 15 and 10095.
15
Calculate the greatest common divisor of 11 and 1081454.
11
Calculate the greatest common divisor of 4 and 1980644.
4
Calculate the greatest common factor of 257853 and 4255.
851
Calculate the greatest common factor of 533 and 1638.
13
Calculate the highest common factor of 925 and 3071.
37
Calculate the highest common factor of 123776 and 16.
16
Calculate the highest common factor of 5564 and 55276.
52
What is the greatest common factor of 2936778 and 26?
26
Calculate the highest common factor of 378 and 11376.
18
Calculate the highest common factor of 2575 and 288091.
103
What is the greatest common factor of 27 and 7123329?
27
Calculate the greatest common factor of 832 and 4082.
26
What is the greatest common divisor of 63 and 246132?
9
What is the highest common factor of 15613 and 351893?
1201
What is the highest common divisor of 230 and 10090?
10
What is the greatest common divisor of 49304 and 1200?
8
Calculate the highest common factor of 3760941 and 213.
213
What is the greatest common factor of 328423 and 34?
17
What is the greatest common divisor of 3486945 and 45?
15
Calculate the highest common factor of 729 and 77598.
81
Calculate the greatest common divisor of 51 and 11968.
17
What is the greatest common divisor of 808 and 4743364?
404
What is the highest common divisor of 6092480 and 1264?
1264
What is the greatest common factor of 2566950 and 314?
314
What is the greatest common divisor of 1024 and 10624?
128
Calculate the highest common divisor of 220 and 37015.
55
What is the greatest common divisor of 125 and 4475?
25
Calculate the highest common divisor of 596 and 19100.
4
Calculate the highest common divisor of 176 and 858.
22
What is the greatest common divisor of 133600 and 20000?
800
What is the greatest common divisor of 50 and 591475?
25
Calculate the greatest common factor of 413 and 4571.
7
What is the highest common factor of 2 and 34724?
2
What is the highest common factor of 40 and 226660?
20
Calculate the greatest common divisor of 37368 and 15916.
692
What is the highest common divisor of 50 and 41200?
50
Calculate the highest common divisor of 44 and 91894.
22
What is the highest common factor of 55826 and 206?
206
What is the greatest common factor of 697 and 29643?
41
What is the greatest common divisor of 418 and 911278?
38
Calculate the highest common divisor of 4473 and 284781.
1491
What is the highest common factor of 7 and 570857?
7
Calculate the greatest common divisor of 184578 and 138.
6
Calculate the greatest common divisor of 62 and 144026.
62
What is the greatest common divisor of 153361 and 611?
611
Calculate the highest common factor of 52820 and 1159.
19
What is the greatest common divisor of 2220 and 239205?
555
What is the highest common divisor of 109390 and 30?
10
Calculate the highest common factor of